 the value of (-18 - -34) + -49 + (14 - 2)?
-21
Evaluate 2 + -1 - 17 - (6 + -6 - -8).
-24
What is the value of -8 + 1 + 102 + -62 - (-10 - -14)?
29
What is (-8 + 12 - 12) + (2 - -14)?
8
-31 - -45 - (6 - 9)
17
Calculate (3 - 2) + (12 + -4 - 10).
-1
Evaluate 2 - (-22 + 28) - 14.
-18
What is the value of 0 + 1 + (-1 - -2) + -7 - 0?
-5
Calculate (13 + -1 - (4 - -3 - 0)) + -3.
2
Evaluate -41 + 41 - (-1 - ((-3 - -2) + -6)).
-6
What is 6 + (-7 + (4 - 10 - -4) - 8)?
-11
Calculate 8 + 0 - (45 - (49 - 36)).
-24
(1 - 0) + -2 + (-155 - -152) + 11
7
3 + -2 + (0 - -6 - 7)
0
What is the value of -8 + 0 - (-5 + (-16 - (13 - 22)))?
4
(0 - -12) + (-289 - -278)
1
-3 + ((-7 - -5 - -2) + -2 - -13)
8
Evaluate 50 - (12 + 1 + (18 + -55 - -33)).
41
What is 31 - ((-1 - -21) + 1)?
10
Evaluate 9 + 1 - (13 + 35 - 46).
8
-404 + 373 - (-62 + -3)
34
Evaluate (1 - -22) + (68 - 82).
9
What is 74 - 85 - (3 + 16 - 1)?
-29
-1 + (1 - (-18 + -1)) - 2 - 7
10
(8 - (-11 - -12)) + -8 - 8
-9
-13 - (-8 - (-19 + 10) - 7 - -2)
-9
Evaluate (-5 - -23) + -24 + 12 + (14 - -2).
22
Evaluate -3 + -19 - (9 - (38 - 15)).
-8
(0 + -2 + -3 + 1 - -6) + 0
2
Calculate 38 - 32 - (1 - (-3 - -8 - 9)).
1
Evaluate (-1 - (-15 + 30)) + 8 + -1.
-9
What is 23 + 5 - (20 + 3)?
5
What is the value of -2 + (5 - 0) + -8 + -10 + 5?
-10
What is the value of (-5 - -1 - (0 - -1)) + (46 - 47)?
-6
What is 41 + -86 - (-38 + 8)?
-15
Evaluate (-1 - (3 + 9)) + (7 - (-11 - -11)).
-6
What is -10 + -97 + 101 + (3 - 1)?
-4
-36 - ((4 - 6) + -11 + (27 - 25))
-25
What is the value of -4 + (2 - 0) + -15 - (2 - 8)?
-11
What is (3 - -2) + (-3 - (8 + -14)) - -15?
23
Evaluate 9 + 1 + -55 + -13 + 54.
-4
Evaluate (0 - -8 - -5) + -8 - 6 - 10.
-11
Calculate -37 + -33 + 77 + 0 + 0 + 2.
9
What is 7 + -12 - (0 - 9) - 21?
-17
Calculate 4 + 0 + -1 + -1 + (-1179 - -1173).
-4
-1 - -2 - ((30 - 2) + (-66 - -55))
-16
Evaluate -4 - (-10 - (-1 - 5 - -1) - 4).
5
Evaluate 5 - (-6 - (-12 + 2)).
1
54 + -60 + (-5 - (0 + -1))
-10
(1 - 4) + -10 + 18 + -1
4
Calculate 1 - (-7 + 6 + (-1 + 5 - 10)).
8
Evaluate (1 - 4) + (-21 - -27) + -29.
-26
(-4 - (-1 - 3 - -4)) + 38 + -35
-1
What is (28 - 16) + (2 - 9)?
5
6 + -8 + 12 + 4 + -3
11
What is the value of 18 + 2 + -8 - 20 - (1 + 1)?
-10
What is 16 + -5 + (-32 - -1)?
-20
9 + -3 - 4 - (5 - (4 + 6))
7
What is the value of 2 + -14 + 9 + 0 - 14?
-17
Calculate 0 + -4 + -3 + 4 + -2 + 1.
-4
What is (36 + -35 + 0 - (2 + 0)) + 17?
16
(-1 - 11) + (-120 - -145)
13
Evaluate 15 + -17 + -1 + -5.
-8
Calculate 1 - 5 - -7 - (-1 + 7).
-3
Evaluate (-13 - (18 + -9)) + 6 + 6.
-10
What is the value of -3 - (0 - (-6 - (-11 + -6) - 6))?
2
-32 + 6 + (-9 - -17 - 0)
-18
Calculate 9 - (21 - (3 + 5 + -2)).
-6
-22 + (-64 - -76 - (10 - -1 - 2))
-19
(4 - -1) + -2 + (-13 - (-1 - 7))
-2
Evaluate (10 - 8) + (5 + (-9 - -1) - 5).
-6
What is the value of (-13 - -5) + 1 + 14 + 7?
14
What is (-54 - -27) + 49 + -10?
12
Evaluate 0 + 7 + (-8 - 22 - (5 - 11)).
-17
Calculate (-1 + 5 - (-6 + 0)) + -29.
-19
What is -815 + 816 - (-18 - (0 - 2 - -1))?
18
What is (-5 - -1) + (24 + 5 - 11) + -5?
9
What is the value of 1 + 13 + 892 + -904?
2
Calculate 16 + -8 - 5 - (2 - (7 - -1)).
9
What is 9 - (2 + (-11 - -8 - 6))?
16
(29 - 10 - (29 + -19)) + 0 + -1
8
What is the value of -2 - (-7 - -11) - (-4 + 11)?
-13
What is (17 - 16) + 13 + (8 - 4) + -4?
14
Calculate (-14 - -4) + (-8 + 7 - 8).
-19
What is (-28 - -34) + (1 - (5 + 3))?
-1
What is 11 - (-12 + 2 - -30)?
-9
What is the value of -11 - -3 - 0 - (0 + -4)?
-4
What is the value of -27 + 14 - -19 - (-1 + (-6 - -4))?
9
Evaluate -11 - (-10 - (-5 + (0 - -3))) - -6.
3
What is 9 + 5 + (-6 - 19 - 1)?
-12
What is the value of 9 + (-9 - (-3 - 7))?
10
Calculate (-1 - (26 - 16) - (1 - 4)) + 4.
-4
Evaluate (-5 - (5 + -9 + 2)) + (6 - -3).
6
Evaluate 4 + 1 + 0 + (-2 - -3) + 1.
7
What is (3 - -10) + 7 - (0 + (6 - -1))?
13
Evaluate (4 - 0) + (242 - 259).
-13
5 + 0 - (7 - (21 - 7))
12
What is -10 + (0 - -1) + (-1142 - -1143)?
-8
Calculate -6 + ((11 - 4 - 4) + -9 - -14).
2
Evaluate -16 - (6 + -22 + 13).
-13
What is -153 - -179 - (0 + 20)?
6
Evaluate (-34 - -30) + 4 + 0.
0
What is 0 - (1 + -26 + 2)?
23
What is the value of -4 + -5 - (-14 + -26 + 4)?
27
-5 + (7 - (-1 + 3)) + 4 + -5
-1
Evaluate (-14 - (19 - 28)) + 12.
7
1 - -7 - (-6 - 13 - 2)
29
3 - 10 - (205 + -228)
16
What is the value of 6 + -8 + (-54 - -42)?
-14
Evaluate 17 - (6 + (-15 - -5) - (0 + -10)).
11
What is the value of -3 - (-18 - (-19 - -7))?
3
-1 + 0 + 1 + 9 + (-3 - -2)
8
What is the value of 44 - 40 - (9 + 1)?
-6
What is the value of 42 + -40 + (-32 - -3) - -10?
-17
-28 - (-1 + 1 + 6 + (-10 - 1))
-23
Calculate 3 + (-8 - 1 - -15).
9
Calculate -212 - -226 - (-4 - 1).
19
Calculate (-2573 - -2534) + (9 - 0).
-30
What is the value of -67 + 48 - (-1 - -12)?
-30
What is -29 + (6 - -2) + -10 + 3 + 7?
-21
What is the value of -3 + 3 + (-16 - -31) - -18?
33
Evaluate (-25 - (13 + -29)) + 0 + 14.
5
Evaluate -7 - (-7 + 1 + 9).
-10
-8 - (0 + -2 + 11)
-17
0 - (7 + -5 + (12 - 6))
-8
What is (-16 - (-7 + -12)) + -14?
-11
-58 + 67 - (-3 + 11 + -2)
3
Calculate 16 - (-2 - -8 - (14 + -14 - -2)).
12
What is -5 + 4 + -4 - -4 - 3?
-4
Calculate (0 - -3) + 0 - (294 - 290) - 5.
-6
0 - (9 + (3 - 0)) - -28
16
Calculate 6 - (23 - 14 - 4).
1
8 + (-10 - 10) + (0 - -5)
-7
Evaluate (-6 + 7 + 8 - 3) + -10.
-4
Calculate 267 + -272 + (0 - -13) - (4 + -7).
11
Calculate -2 - -7 - ((14 - (3 + 5)) + -7).
6
What is the value of -10 + 10 + -2 - -3?
1
What is (22 - -1) + 714 + -749?
-12
What is the value of -8 + 0 + (-3 - (3 + -13 + -16))?
15
What is 7 + -4 + 11 + -3 + -14 - 1?
-4
What is 3 - (16 + -32 - -11)?
8
What is the value of -30 - (-78 - -10) - 16?
22
Calculate 40 + (8 - 14 - 12).
22
((-4 - 3) + 17 - 7) + -37 + 5
-29
-12 - (237 + -225 - (-1 + 7))
-18
2 - ((-10 - -5) + (-10 - 2))
19
Calculate (3 + -1 - (53 + -55)) + (-4 - -6).
6
Evaluate 23 + (-41 - (-7 + -16)).
5
Calculate (1 - (4 + -8 + 1)) + 0 + -15.
-11
What is the value of -13 - (-1 + (1 - 3) - (-131 - -134))?
-7
What is (1 - -5) + -1 + -4 - -15 - 4?
12
5 + (-1 - 11) + 13
6
9 - ((-9 - 7) + 18)
7
Calculate 0 + (-5 - (-6 - (-10 + 3 + 2))).
-4
Evaluate 29 + -60 + (22 - 24).
-33
Calculate 19 - (23 - (-7 + 12)).
1
Calculate -2 + 1 + 10 + -4 + -2.
3
What is the value of 36 + (8 - 20) - 13?
11
What is 41 - (58 + -30) - 35?
-22
What is the value of (-9 - (-14 + 3)) + -32 - -10?
-20
6 + (-5 + 2 - 5)
-2
-29 - ((11 - (15 + -3)) + -2)
-26
What is (-7 - -21) + (4 - 24)?
-6
What is (7 - -2 - (-15 - -10)) + -2 + 6?
18
Calculate -89 + 65 + (25 - 4).
-3
What is -9 + (-22 + 24 - (-2 + -1)) + -10?
-14
Calculate 1 + 13 + ((-9 - -25) + -9 - 12).
9
Calculate 4 - (-6 - -2 - (-1 - -3 - 5)).
5
What is (6 - 4) + -1 + (-8 - (-1 + 4))?
-10
Evaluate 11 - (2 - (11 + -7 + 7)).
20
What is the value of -21 - (21 + -26) - -32?
16
What is (-23 - -8) + -7 + 18?
-4
Calculate -23 + 18 - (3 + -1 - -1).
-8
What is (91 + -105 - (0 + 0 - -6)) + 4?
-16
Calculate 6 + 0 + -4 + 12.
14
Evaluate -10 + (-2 - ((-9 - 4) + 10)).
-9
What is (5 - (-16 + 8)) + 18 + -47?
-16
What is the value of 1 + -3 + -10 + 12?
0
What is the value of -3 + 18 + -29 + 18?
4
Calculate (-17 - -5) + 12 - -1.
1
What is the value of -21 + 42 + -16 - (0 + 8)?
-3
What is the value of -26 + 36 + 22 - 34?
-2
What is 3 + 7 - 4 - (65 + -79)?
20
(35 - -4 - -20) + -39
20
What is -2 + 14 + -6 + 1?
7
What is the value of 84 - 86 - ((0 - -2) + 0 + -10)?
6
224 + -233 + (2 - (-18 + 1)) + -14
-4
What is the value of -95 + 117 - (0 + (6 - 5))?
21
What is the value of -1 - (2 + -3 + 8 + 34) - -1?
-41
Calculate 12 + (-5 - 9) - -10.
8
Evaluate 539 - 576 - (-1 - (1 + 2 - 0)).
-33
Evaluate -1 - (3 - (-8 - -10)) - (-6 + 2).
2
What is the value of -5 + 23 + -4 + -7?
7
What is -6 + 1 + (9 - -6 - 7)?
3
Calculate 8 + 1 + 112 + -110.
11
Evaluate -9 + (-29 - -38 - -17).
17
(201 - 190) + 3 + -30 + -1
-17
(19 - 11) + 3 - 9 - 21
-19
Evaluate -19 - (1 + 7 + (16 - (14 - -10))).
-19
What is (-1 - 11) + (-8 - -10)?
-10
Evaluate (305 + -299 - (1 - 0)) + (1 - 2).
4
What is the value of 10 - (-8 + (1 - -4) + (1 - -5))?
7
Calculate 2 - 5 - -18 - (-206 - -200).
21
(3 + -2 - (-7 + 7 - -8)) + -1
-8
Evaluate -27 + 12 + 3 - (-3 + -5).
-4
-16 + 2 - (-30 + 21 + 10)
-15
3 + -1 + -1 - (-149 + 154)
-4
Evaluate -2 - (-3 + 0 + -6) - 11 - -6.
2
What is 12 - 4 - (16 - (8 + -3))?
-3
